-2880 - -9292. What are the prime factors of s?
2, 7, 229
Let d = -12942 + 24135. List the prime factors of d.
3, 7, 13, 41
List the prime factors of (-1)/(-2)*(85 - 75) - -20682.
137, 151
Let b(r) = 86*r - 1. Let u be b(3). Let j be (2 - (0 + 3)) + u. Let p = -165 + j. List the prime factors of p.
7, 13
Let p(m) = 20*m + 18 + 62 + 253*m + 368*m - 124*m. What are the prime factors of p(3)?
7, 233
Let r = 17496 - 10830. List the prime factors of r.
2, 3, 11, 101
Let t = 5291 - 5282. Let n(d) = -d**2 - d + 1. Let h(x) = 6*x**2 + 4*x - 8. Let m(w) = h(w) + 5*n(w). List the prime factors of m(t).
3, 23
Let i(g) = 13*g**2 + 2*g**2 + 13 + 4*g + 5*g. Let q(u) = -14*u + 66. Let c be q(5). List the prime factors of i(c).
7, 31
Suppose 0 = 5*a + 5*z - 20495, 6 - 14 = -z. List the prime factors of a.
4091
Let r(j) = 1514*j - 1692. What are the prime factors of r(11)?
2, 7481
Let r = -22875 - -44573. What are the prime factors of r?
2, 19, 571
Let g be (3 + (-2 - -2) - -7) + 0. Suppose 0 = 3*t - g*t + 154. Suppose 2*n + t = 294. List the prime factors of n.
2, 17
Suppose 2*y - o = 3, -23 = -2*y + o - 4*o. What are the prime factors of 209*y/16*(18 - 2)?
2, 11, 19
Suppose 97*r + 28*r = 606250. List the prime factors of r.
2, 5, 97
Suppose -542998 = -147*s + 2054933. List the prime factors of s.
3, 43, 137
Suppose -15 = -6*s + s. What are the prime factors of 362 + s + (0 - 1)?
2, 7, 13
Let t = -46 - -49. Let k be t/9*(-12)/4. What are the prime factors of (-4 - 796/(-6)) + k/(-3)?
3, 43
Let y be (-63)/105*1/(1/(-45)). What are the prime factors of y*(-5 + 42/6)?
2, 3
Let l be -1 - 0 - (-28)/(-7). What are the prime factors of ((-5*147)/l)/(5 + -4)?
3, 7
Suppose -40 = t - 2*t. Let k = t - 44. List the prime factors of (k - 0)*-1 - -63.
67
Let n(m) = 6*m + 23. Let a be n(-6). Let v be (-3)/(-2)*(a - 13). Let l = v - -99. What are the prime factors of l?
2, 3, 5
Suppose -11*j = 3*q - 13*j + 10, -3*q + 2 = 4*j. Let t(d) = 401*d**2 - 5*d + 2. What are the prime factors of t(q)?
2, 101
Let h = -18819 - -28275. List the prime factors of h.
2, 3, 197
Suppose 20*h - 20688 = -14*n + 12*n, 52056 = 5*n + 2*h. What are the prime factors of n?
2, 41, 127
Suppose 12 = -4*w + 3*w - 5*r, 4 = 3*w + 5*r. Suppose -w = 3*b - b. List the prime factors of 6/15 + (5076/(-15))/b.
5, 17
Let j be ((-3)/15)/(49/25 + -2). Suppose -6*s + 3*v = -4*s - 582, 0 = -3*s - j*v + 835. What are the prime factors of s?
3, 5, 19
Let j = -16 - -23. Let y be (615/(-21))/5 - 1/j. Let q(l) = -10*l + 3. What are the prime factors of q(y)?
3, 7
Let m(z) = 5*z**2 + 10*z - 433. List the prime factors of m(62).
3, 6469
Let q = 3555 - -25742. What are the prime factors of q?
29297
Suppose 1074 = 5*i - 2*k + 4*k, i + 2*k = 218. Let y = 542 - i. List the prime factors of y.
2, 41
Suppose 3*h + 4*f - 585 = 0, 2*h - 370 = f + 20. Let d = -18 + h. List the prime factors of d.
3, 59
Let p(o) = 2*o**2 - 17*o - 39. Let b be p(-2). What are the prime factors of 157/3*4*b?
2, 157
Let v(g) = -42*g + 13. Let j(l) = 43*l - 13. Let s(a) = -2*j(a) - 3*v(a). Suppose -3*w = -43*w + 200. List the prime factors of s(w).
11, 17
Let d(l) be the first derivative of -2*l + 1/3*l**3 - l**2 + 12. What are the prime factors of d(15)?
193
Let i = -28 + 27. Let p be (1/2)/(-3*i/24). What are the prime factors of (24/p - 4) + 92*1?
2, 47
Let u be (1 - (-15)/9)*42/28. Suppose -o - 451 = -3*i, -3*i + u*i - 5*o - 141 = 0. What are the prime factors of i?
151
Let z be 1 - 1 - (5 + 7). List the prime factors of (((-2724)/9)/(-1))/((-8)/z).
2, 227
Let q(d) = 2*d + 3. Let f be q(0). Let a be (f - (-2 + 2))/(-1). What are the prime factors of ((-2)/a)/(10/690)?
2, 23
Suppose 2*i - 37 = -27, -3*n + 3*i + 6330 = 0. List the prime factors of n.
3, 5, 47
Let m(v) = 1949*v - 408. List the prime factors of m(1).
23, 67
Let v be 3 - (-3 - 5*(-12)/30). Suppose j + v*j = 2235. List the prime factors of j.
3, 149
Let g(u) = 4*u**3 - 5*u**3 - 11 - 18*u + 3 - 3*u**2 - 3*u**2. Let k be g(-7). Suppose -3*b + 226 = 4*q, 3*b - k = -3*q + 2*b. List the prime factors of q.
5, 11
Let p = 4711 + -4480. List the prime factors of p.
3, 7, 11
Let t = 11479 + 11717. List the prime factors of t.
2, 3, 1933
Suppose -99211 - 75317 = -3*x - 5*a, -4*x + 3*a + 232762 = 0. List the prime factors of x.
2, 47, 619
Let j(w) = w**3 - 12*w**2 + 10*w + 8. Let z be j(11). Let a = 1 - z. Suppose 0 = p, p = -a*d - 2*p + 580. What are the prime factors of d?
5, 29
Suppose f - 4*v = 5553, 314*f - 313*f = 3*v + 5548. What are the prime factors of f?
11, 503
Suppose 4*j = -4*k + 34332, 4*k = 76*j - 73*j - 25770. What are the prime factors of j?
2, 3, 53
Let f(r) = 4*r**3 + 12*r**2 + 12*r - 269. List the prime factors of f(10).
5051
What are the prime factors of 26/65 - (-2)/(20/405206)?
3, 13, 1039
Let c(v) = -v. Let a(s) = -47*s**3 - s**2 + 2*s - 5. Let l(o) = -a(o) + 3*c(o). What are the prime factors of l(2)?
3, 5
What are the prime factors of 16*-2*(-4653)/24?
2, 3, 11, 47
Let l = 14 - 8. Let i(v) = -20*v + 6. Let u be i(l). Let a = u + 132. List the prime factors of a.
2, 3
Suppose 2316 = 3*m + 489. Suppose 9*k - 24 = k. Suppose 2*g - 108 = -d + 6*g, -5*d - k*g + m = 0. List the prime factors of d.
2, 3, 5
Let v = 6191 - -13524. List the prime factors of v.
5, 3943
Let c = 144 + -134. Suppose -2*x - 2*n = -22, -30 = -x - x - 4*n. Suppose c*l - 195 = x*l. List the prime factors of l.
5, 13
Let y(i) = -i**3 + 38*i**2 + 64*i - 34. Suppose -5*z + 5*w + 183 = 2*w, 2*z = -4*w + 94. What are the prime factors of y(z)?
941
Let c(q) = 5*q**3 + 43*q - 1. Let y(o) = -3*o**3 - 22*o. Let d(f) = 4*c(f) + 7*y(f). What are the prime factors of d(4)?
2
Suppose -2*a + 5*b + 6890 = 0, 0 = -5*a - b - 4*b + 17190. What are the prime factors of a?
2, 5, 43
Let b(x) = -656*x - 1796. What are the prime factors of b(-9)?
2, 13, 79
Let d = 38 + 32. Suppose 0 = 8*u - 26 - 358. Let b = d - u. List the prime factors of b.
2, 11
Suppose -2*c + 4*t - 23 = -3*c, -2*c = 4*t - 26. Suppose -306 = -3*x + c*s, -2*s = 3*s + 5. List the prime factors of x.
101
Let g(z) = 3*z**3 - 14*z**2 + 18*z - 11. Let i(m) = 7*m**3 - 28*m**2 + 36*m - 22. Let y(b) = -5*g(b) + 2*i(b). What are the prime factors of y(8)?
251
Let y(v) = 7*v - 19. Let k be y(-14). Let u = 216 - k. What are the prime factors of u?
3, 37
Suppose -2*x + 12*l = 4*l - 75500, x = -l + 37720. List the prime factors of x.
2, 13, 1451
Let n be ((-32)/(-40))/(2/(-10)). Let x be 0/(n + 15/3). Suppose x = -7*c - 315 + 868. List the prime factors of c.
79
Let j be (4 + -49)*12/(-5). Let d = -75 + j. Suppose 57 = 15*o - d. What are the prime factors of o?
2, 3
Suppose 0 = 14*a - 17494 - 22672. List the prime factors of a.
19, 151
Let r = 19204 + -10889. What are the prime factors of r?
5, 1663
List the prime factors of (-216)/(-288)*((-3 - 947355/(-9)) + -4).
78941
Let n(g) = g**3 - 9*g**2 + 10*g + 11. Suppose -20 = 5*s, 0*v - 3*v = 3*s - 12. Let b be n(v). Let m = 62 - b. What are the prime factors of m?
5, 7
Let w be (2/1)/(3 - 5) - -1939. Suppose 1827 = 2*l - 5*n - 103, -2*l + n + w = 0. List the prime factors of l.
2, 5, 97
Let q = 13748 + 2283. List the prime factors of q.
17, 23, 41
Suppose 4*c - 2*m = 16930, -c + 7*m - 5*m + 4237 = 0. Suppose -16*r - 1271 + c = 0. List the prime factors of r.
5, 37
List the prime factors of -4 + 4/1 + 53183 + -2 + 0.
3, 19, 311
Suppose -5*k + 0*k + 1 = -3*g, -17 = -4*k - 3*g. Suppose -4*y = -m + 301, -k*y = -4*y - 10. What are the prime factors of m?
281
Suppose -70*f + 668659 = -10*f - 86801. List the prime factors of f.
3, 1399
Suppose -3*b - 4*v + 48116 = 0, -32*b + 64143 = -28*b + 3*v. List the prime factors of b.
2, 3, 167
Let t(u) = 1632*u - 4361. List the prime factors of t(30).
103, 433
Let s = -747 + 527. List the prime factors of (-4)/22 - (-5)/(s/(-33096)).
2, 47
Let z = -260 + 255. What are the prime factors of ((-37156)/(-70))/((-2)/z)?
1327
Let h(m) = -850*m + 11732. List the prime factors of h(0).
2, 7, 419
Suppose 0 = 3*p - 3*y - 58977, -4*p + 9*p + 4*y = 98286. List the prime factors of p.
2, 9829
List the prime factors of (645592/102)/((-60)/18 - -4).
2, 47, 101
Let d = 18 - 21. Let x be (-1 + 4)/((0 + d)/(-3)). Suppose -r + 0*c + 92 = -x*c, -2*r + 195 = 5*c. List the prime factors of r.
5, 19
Let j(r) be